8 - h = -8*m. What is the units digit of m?
0
Suppose 2*o = 5*o - 2*z - 22, 3*z + 7 = -2*o. Let t(h) = 18*h**2 + 6*h - 9. What is the hundreds digit of t(o)?
3
Let z(b) = -13*b**3 + 21*b**2 + 38*b + 23. What is the tens digit of z(-9)?
5
Let v(z) be the first derivative of -27*z**4/4 + 4*z**3/3 - 3*z - 6. What is the units digit of v(-2)?
9
Suppose -352 = -s - 107. Suppose 16*d + s = 1845. What is the hundreds digit of d?
1
Let m(n) = 16*n**3 - 193*n**2 + 38*n - 46. What is the hundreds digit of m(16)?
6
Suppose 26*c + 4*c - 131910 = 0. What is the thousands digit of c?
4
Let s(d) = d**3 - 45*d**2 + 334*d + 210. What is the ten thousands digit of s(43)?
1
Let v be (-18530)/(-30) + 1/3. Let d = v + -333. Suppose 5*w = 3*r - d, -3*r + 413 - 110 = w. What is the units digit of r?
0
Let s(u) = u**2 - u + 3. Let h be s(0). Suppose -3*w + 368 = 5*d, 2*d + 4*w - 369 = -h*d. Let k = d - 60. What is the tens digit of k?
1
Let g be (-2 - -1)/(-3*1/462). What is the units digit of g/10*(22 + -17)?
7
Suppose -2*j = -3 + 3. Suppose j = -p + 2*p - 3. Suppose p*f = 5*w + 55 - 307, -5*w + 259 = 4*f. What is the units digit of w?
1
Let s(k) = -k**3 - 6*k**2 - 4*k + 7. Let r be s(-5). Suppose -5 = r*c - 17. Suppose -5*d + c = -2*d. What is the units digit of d?
2
Suppose 0 = 3*s - 17 + 11. Suppose u - 100 = s*j, 0*u = u + 3*j - 110. Suppose -112*q + u = -108*q. What is the units digit of q?
6
Suppose -25*a + 12*a + 39 = 0. Suppose -v = -0*v + 5*q - 677, -5*q - 1931 = -a*v. What is the units digit of v?
2
Suppose -2646 = -2*a - 5*z, a - 3*a + 2*z + 2660 = 0. Suppose 7*q - w = 3*q + a, 2*q - 670 = -w. What is the tens digit of q?
3
What is the tens digit of (-89 + 79)*(-37029)/15?
8
Let g(n) = n**3 - 27*n**2 + 24*n - 191. What is the thousands digit of g(43)?
0
Suppose c + 2*c + 2*m = 6, 3*c - 4*m - 24 = 0. Suppose 0 = c*g + 4*t - 3276, -t = -2*g - 0*t + 1632. What is the units digit of g?
7
Let o be ((-3308)/(-5) - 12/20) + -3. Suppose -3*t + 501 = 4*b, 0*b + 2*b = -4*t + o. What is the hundreds digit of t?
1
Suppose -i - 3*c = -6877 + 659, -4*c - 24808 = -4*i. What is the hundreds digit of i?
2
Suppose -4*y - 3*y + 354746 = 4*o, -3*o + 101356 = 2*y. What is the thousands digit of y?
0
Let h(o) be the third derivative of o**4/24 + 7*o**3 - 3*o**2. Let b = -273 + 292. What is the tens digit of h(b)?
6
Let u(z) = 36*z**2 + 7*z - 418. What is the thousands digit of u(12)?
4
Let l = -1673 - -3199. What is the thousands digit of l?
1
Let t = 342 - 344. What is the units digit of (-113)/t + (7 - (-150)/(-20))?
6
Let d(n) = n**2 + 5*n - 4. Let l be d(1). Suppose l*g = 7*g + 30. What is the units digit of 28/g*24/(-14)?
8
Let w(c) = -c**2 - 7*c + 24. Let a be w(-10). Let s be ((-153)/a)/(3/10). Suppose -4*o = -s - 167. What is the tens digit of o?
6
Let q(z) = -12*z - 8. Let p be q(6). Let b = 23 - p. What is the tens digit of b?
0
Let u = -225 - -225. What is the units digit of u + (-4 - (-1 + -44))?
1
Let t(l) = -2*l**3 + 40*l**2 + 5*l - 13. Let w = -58 - -78. Let m be t(w). Suppose -m = y - 304. What is the hundreds digit of y?
2
Suppose -74*f + 436822 + 84248 = -27196. What is the hundreds digit of f?
4
Let g = -71 + 10. Let n = -55 - g. What is the hundreds digit of -290*(-2 + 9/n) - 3?
1
Let b = -548 + 590. Suppose -2*h + b = -1204. What is the units digit of h?
3
Suppose -8*m + 77*m = 503976. What is the tens digit of m?
0
Let z(a) = -a**2 - 19*a - 21. Let h be z(-11). Let s be (h/(-5) - 1)/(21/(-70)). Suppose -2*q + 28 = -s. What is the units digit of q?
8
Let i(g) = 2*g**2 + 7*g - 20. Suppose -12 = -4*q + 8. Suppose 4*b - 2 = q*s + 18, s = 3*b + 7. What is the units digit of i(s)?
2
Let z(o) = 7*o**2 - 4*o + 4. Let a be z(1). Let q(i) = 67*i - 73. What is the tens digit of q(a)?
9
Let i(k) = -8*k**3 - 13*k**2 - 48*k - 543. What is the thousands digit of i(-10)?
6
Suppose -4*a = 5*w - 65387, -6*a + 81760 = -a + w. What is the hundreds digit of a?
3
Let c = 38005 - 26591. What is the units digit of c?
4
What is the ten thousands digit of (17 - -1)*(32 + (-36685)/(-58))?
1
Suppose -5*k - 4*i = -0*i - 4108, 5*i + 1663 = 2*k. Let t = k + -170. What is the tens digit of t?
5
Let k = 1098 + -99. Let s = k + -599. What is the units digit of s?
0
Let m = -121 - 44. Let j be ((-1)/3)/(11/m). Suppose -4*a - j*o + 215 = -2*a, -457 = -4*a - o. What is the hundreds digit of a?
1
Let o(p) = 16*p**3 + 3*p**2 + 7*p + 24. What is the tens digit of o(6)?
3
Suppose -47 = 2*q - 51, 26326 = 4*i + 3*q. What is the tens digit of i?
8
Suppose 64377 = 52*v - 22*v - 21*v. What is the tens digit of v?
5
Suppose 5*x = 9*x - 4. Let g = -3 + x. Let n = g - -40. What is the units digit of n?
8
Suppose 2*i + 3*t = 2*t + 8, -4*t = 2*i - 20. Suppose i*j + 0 = -q - 1, 0 = -4*j + 4*q - 8. What is the hundreds digit of 441/4 + j/4 + 2?
1
Suppose -20*p = -5*p + 480. Suppose 3*g + 3*y = 111, 4*g + 3*y - 135 - 15 = 0. Let r = g + p. What is the units digit of r?
7
Suppose -26*v - 23231 = -31*v - u, -3*u - 9289 = -2*v. What is the tens digit of v?
4
Let t(n) = 5*n + 39. Let u be t(-7). Suppose 4*g + j - 1075 = -u*j, 2*g + 5*j = 525. What is the tens digit of g?
7
Let i be 65/25 - 4/(-10). Suppose i*l - 440 = 352. Suppose 2*v = 4*s - l, 333 = 6*s - s - 4*v. What is the tens digit of s?
6
Let m be 2/(-9) + (-38)/(-9). Let j = 406 - 173. Suppose -m*c = -t + 92, -2*t - 3*c - 82 = -j. What is the tens digit of t?
8
Suppose -p + 3*l + 4779 = 0, 7*l + 33543 = 7*p + 4*l. What is the thousands digit of p?
4
Let l be 11/(-3)*(2 + 7). Let a = 35 + l. What is the tens digit of (-1)/a - (-437)/38?
1
Let o(x) be the second derivative of -3/2*x**3 + 0 + 165/2*x**2 + 12*x. What is the hundreds digit of o(0)?
1
Let o = 354 + 118. What is the hundreds digit of ((-36)/(-2))/(-6) + o?
4
What is the units digit of 2/(-3 - -1) - (214 - 16)*-23?
3
Let t be (-30)/(-144)*4*-9*-270. Let f = t - 1390. What is the units digit of f?
5
Let i = -10 - -12. Suppose -k + 0*k + 62 = 5*l, -5*l + 64 = i*k. What is the units digit of -42*-2*10/l?
0
Let o be (-23)/(-5) + 0 + (-16)/(-40). Let h = 2 - o. What is the tens digit of ((-1)/h)/((-2)/(-1038)) + -4?
6
What is the thousands digit of (-14157684)/(-1276) - 4/11?
1
What is the tens digit of (24 - (-32942)/39)*3/2?
0
Let n be (-8 - 8337)/5*-1. What is the units digit of n/2 + 129/(-86)?
3
Let q(v) = -7*v + 223. Let x be q(31). Suppose 4*o - 7*w + x*w - 5020 = 0, -5*w - 6290 = -5*o. What is the hundreds digit of o?
2
Suppose -4*x + j + j + 8 = 0, -x - 5*j + 2 = 0. Suppose n = x*o + o + 369, -3*n + 5*o + 1095 = 0. What is the hundreds digit of n?
3
Let u = -864 - -1460. Suppose 3*k - u = -35*l + 33*l, 0 = l + k - 300. What is the units digit of l?
4
Let s be (2 + -5)*(-1)/1. Let w(v) = v**3 + 258*v - 258*v + 19*v**2 - s*v**2 + 18. What is the tens digit of w(-16)?
1
Suppose 3*n + 0*u - 35 = -u, -10 = -2*u. Let y(p) = 2*p**2 + 9*p + 31. What is the units digit of y(n)?
1
Suppose 24 + 6 = 3*i. Let w be -5 + -11 + -2 + 2. What is the units digit of i/(-80) + (-274)/w?
7
Suppose -197*d - 23669 = -69373. What is the tens digit of d?
3
Let d be 6/(4/((-16)/(-3))). What is the hundreds digit of (23 + d/(-4))*(2 + 11)?
2
Let d(o) = 2*o + 8. Let j be d(-4). Suppose j = i + 4, -5*i + 3*i = 4*l. Suppose -3*t + 158 = -t - l*f, -3*t + 2*f + 241 = 0. What is the tens digit of t?
8
Let a be (2/(-6))/(-6 - (-73)/12). Let g be a - (-10 - -4) - 0. Suppose 0 = -5*c - 10, -g*t + 220 = -0*c + c. What is the tens digit of t?
1
Let d = -360 - -372. Let g = d + 504. What is the hundreds digit of g?
5
Let s(b) = 3*b + 15. Let h be -2 + 1 - -49 - (-22 - -22). Let u be (h/40)/((-6)/(-45)). What is the tens digit of s(u)?
4
Let a(b) = -b**3 - 29*b**2 + 29*b - 68. Let g be a(-30). Let j = g + 243. What is the hundreds digit of j?
2
Suppose 10*v = 21114 + 150876. Suppose -62*y + v = -49*y. What is the units digit of y?
3
Let f(q) = 8*q**2 - 24*q - 495. What is the tens digit of f(35)?
6
Let x(v) = -v**3 - 7*v**2 + 13*v - 2. Let l be x(-8). Let t = 66 + l. Suppose t = o - 45. What is the tens digit of o?
6
Let w(h) = h**2 - 29*h - 425. What is the hundreds digit of w(-15)?
2
Let l(z) = 4*z**2 - 5*z + 4. Let m be l(3). Suppose -4*s - s - m = 0. What is the units digit of (-10)/(-25) - 278/s?
6
What is the hundreds d